3. Is q(-8) prime?
False
Suppose 2*v + 581 - 105 = -2*a, 2*v + 719 = -3*a. Let n = 620 + a. Is n a prime number?
False
Is 493 - -3 - (10 + -16) a prime number?
False
Suppose 0 = 4*x + 2 - 14. Let y(r) = 1 + 1 + x + 83*r. Is y(4) a prime number?
True
Suppose 18*v - 7999 = 9731. Is v a prime number?
False
Let s(l) = l + 1. Let i(k) = -17*k + 5. Let n(z) = i(z) + 2*s(z). Suppose -139 = -3*a - 157. Is n(a) composite?
False
Suppose 374 = 4*w - 30. Suppose -s - w = -2*s. Suppose -3*k - s = -338. Is k composite?
False
Let r(p) = 4*p**2 + 3*p - 16. Let u(n) = -5*n**2 - 2*n + 16. Let l(v) = -6*r(v) - 5*u(v). Is l(-7) prime?
False
Suppose 5*j - 5*o + 5 = -0*j, 17 = j + 5*o. Suppose -3*w - 380 = -q, -2*w + 784 = j*q - 0*q. Is q composite?
False
Let g = -19 - -17. Let y(r) be the second derivative of -317*r**3/6 + r**2/2 - r. Is y(g) composite?
True
Let r(v) = -4*v - 3. Suppose n + n = w - 52, 2*w + 58 = -2*n. Let a be 736/(-72) - 6/n. Is r(a) a composite number?
False
Let n(u) = -14*u**3 - 8*u**2 - u + 7. Is n(-8) a prime number?
False
Suppose 9*v + 29489 = 112532. Is v a prime number?
True
Let b(y) = -36*y**2 - y + 3. Let d(n) = -72*n**2 - 3*n + 5. Let q(w) = -13*b(w) + 6*d(w). Is q(-4) prime?
True
Let s(c) = c**2 + c + 3. Let y = -5 + 11. Let b = -3 + y. Is s(b) prime?
False
Let l = 243 + -80. Is l prime?
True
Let h(g) = -129*g**2 + 4*g - 6. Let r(l) = 128*l**2 - 5*l + 7. Let t(i) = -6*h(i) - 5*r(i). Let v be (6/(-3))/(-5 + 4) + -3. Is t(v) composite?
True
Suppose -5*t - 8 = -t. Let f be 4/(-2) - (t + -42). Suppose 0 = -3*c + f + 117. Is c a prime number?
True
Let p = -14 + 26. Suppose -2*a - a = -p. Suppose -323 = -4*l - a*y + y, -4*y - 344 = -4*l. Is l composite?
False
Is (2639157/399)/(3/(-21)*-1) prime?
True
Suppose -2*t + 10*t - 11240 = 0. Is t a composite number?
True
Suppose 6081 = 3*m - 8268. Is m a prime number?
True
Let t be (-1 - 1)*3/(-2). Suppose -s + t*s = 6. Suppose -s*b - 5*d + 613 = 0, 3*b - 645 = 3*d - 0*d. Is b composite?
False
Let a(s) = -5*s**2 + 2*s - 11. Let k(d) = d**3 + d**2 - 1. Let o(j) = -a(j) - 3*k(j). Is o(-5) composite?
False
Suppose 8*s - 3*s - 9716 = b, 2*s - 5*b = 3891. Is s composite?
True
Let q(j) = j + 10. Let u be q(-10). Suppose 5*f - 563 = -r - u*r, 3*r + f - 1689 = 0. Is r a composite number?
False
Suppose 0 = 11*r - 180483 - 49483. Is r prime?
False
Let q(f) = -89*f. Suppose -3*h - 4*z + 41 = 0, -2*h - 2*z + 7*z = -58. Suppose 7*p + 8 = 2*p + l, 4*p = 5*l - h. Is q(p) a prime number?
True
Let s be 12/(-9)*3/(-2). Suppose s*f - 332 = f. Suppose f = 5*j - j. Is j a prime number?
True
Let g(c) = 13*c - 10. Let p be g(-3). Let k = p - -671. Is k prime?
False
Suppose 0 = 3*j + 4*r - 16, -2 = j - r - 5. Suppose -j*b + 2*b + 132 = 0. Suppose 4*l - 281 + b = -k, l - 409 = -2*k. Is k prime?
False
Let n(t) = -111*t - 25. Let y = -167 - -149. Is n(y) a prime number?
True
Let n = 55 - 50. Suppose n*u - 2*u = 6951. Is u a prime number?
False
Suppose 4*l - 5*m - 37 = 0, -2*l + m + 8 = -l. Suppose 0*r - 1551 = -l*r. Suppose 4*g = r + 871. Is g prime?
True
Suppose 34*h - 44*h + 55810 = 0. Is h a composite number?
False
Suppose -6*o + 7146 + 2136 = 0. Suppose -q + o = d, -5*q - 7695 = -d - 4*d. Is d prime?
True
Suppose -6*o = -11*o + 30. Suppose 0 = -10*p + o*p + 2132. Is p a composite number?
True
Suppose 4 = -8*u + 10*u. Suppose -6*l + 3*l + 102 = k, 0 = -u*l + 3*k + 68. Is l prime?
False
Is 171749/(-123)*6/(-2) a prime number?
False
Let g(u) = u**3 - u**2 + u - 1. Let m(s) = -5*s**3 + 26*s**2 + s + 25. Let i(x) = 6*g(x) + m(x). Suppose -5*b = -2*a + 4*a + 76, 2*a - 50 = 4*b. Is i(b) prime?
True
Let y(x) = -x**3 + x**2 + 9. Let s be y(0). Suppose 5*i - 21 = s. Is i a prime number?
False
Let p = 25544 - 6013. Is p a composite number?
False
Let h = 12 - 7. Suppose 941 = 3*t + w - 922, h*t + 5*w = 3095. Is t prime?
False
Suppose 2*m = -3*v + 25015, v - 5*v + 5*m + 33384 = 0. Is v a prime number?
False
Suppose u - 1 = 0, 0*u - 180 = -2*a - 2*u. Suppose -a = -2*d + 107. Suppose -5*k + 0*s + d = 3*s, -k = -4*s - 15. Is k a prime number?
True
Let h(d) = 4353*d - 178. Is h(7) a composite number?
False
Suppose -5*i + 13 = 4*m, 0*m - 11 = -3*m - 5*i. Suppose 0 = 3*w - 6, -d + m*w = -1567 + 328. Is d a composite number?
True
Suppose -5*p + 3*j + 14 = 0, 2*p + 3*j = -0*j + 14. Suppose -4*k - p*x + 2 = -2*x, -5*k + x + 20 = 0. Suppose -k*a + 447 - 56 = -5*z, a = 4*z + 142. Is a prime?
False
Is (10730/6 + -1)/(36/54) a prime number?
False
Let j(k) = -k**2 + 25*k + 9. Suppose 3*t - 44 = t. Suppose 0 = l + l - t. Is j(l) a composite number?
False
Let q(z) = -2*z**3 + z**2 + z - 8. Let y be q(-7). Let h = y + -23. Is h a composite number?
True
Is (-9 + (11 - -8514))*1/4 a composite number?
False
Suppose 0 = 21*m - 20*m + 9. Is 76/(-16) + m/(-12) + 195 a prime number?
True
Suppose 2*q - 4*f + 2 = -0*f, -5*q = -3*f - 2. Is 12 + (q - 2)*-3 composite?
True
Let c be (2/6)/(3/27). Suppose -662 = -i + 3*s, -i + c*s - 6*s + 656 = 0. Is i prime?
True
Let s = 3357 - 1743. Let j = s + -763. Is j prime?
False
Suppose 3*k + 0*k = 3*q, 3*k + 3*q = 24. Suppose 1180 + 1600 = k*b. Is b prime?
False
Let n(b) = -2*b**3 - 3*b**2 - b + 1. Let f(c) = -3 - 3 + 6*c + 7. Let i be f(-1). Is n(i) prime?
True
Let j(y) = -1127*y - 3. Let f be j(-1). Let s = f + -537. Is s prime?
True
Let o be (-48)/(-27) + (-48)/27 + 2. Suppose 2*v + o*p = -3*p + 883, 0 = -3*v + 5*p + 1387. Is v a composite number?
True
Let g be (-2)/7 - 2/(-7). Suppose -4*h = -i - 184, g*i + 2*h - 502 = 3*i. Let j = -111 - i. Is j composite?
False
Let a(n) = -n**2 - 7*n + 72. Let z(g) = 2*g**2 + 15*g - 144. Let c(b) = 13*a(b) + 6*z(b). Let w be c(0). Is (-9)/w + (-2729)/(-8) composite?
True
Suppose 0 = 5*v - 17 - 13. Is v/2 - (5 - 108) prime?
False
Let y(c) = c**2 - 29*c + 207. Is y(32) composite?
True
Is -2*(11 + (-96895)/10) composite?
True
Let o(a) = -2*a + 2*a + 2 - a - a**3 - 3*a**2. Let c = 169 - 173. Is o(c) prime?
False
Let r(w) = -w**3 - 14*w**2 + 64*w - 26. Is r(-25) composite?
True
Let l(v) = 10*v**3 - 3*v**2 + 6*v. Let c be l(4). Suppose -987 = 33*y - 30*y. Let s = c + y. Is s a prime number?
False
Suppose -2*s = 4, -2*b + 6*b - 6582 = 5*s. Is b a composite number?
True
Let s = -27 + 29. Suppose -6774 = -4*t - r, 5*r = -t - s*t + 5089. Is t a prime number?
True
Let z(q) = -21*q**2 - 8*q + 14. Let a be z(18). Let u = a + 11973. Is u prime?
True
Let g be (2/(-4))/(4/(-32)). Suppose 4*f - g*i - 8 = 0, 2*i = 3*f - 2*i - 1. Let z(c) = 3*c**2 - 10*c + 2. Is z(f) a prime number?
True
Let x(k) be the second derivative of k**8/960 - k**7/630 + k**5/60 - 7*k**4/12 + 2*k. Let l(t) be the third derivative of x(t). Is l(3) a composite number?
True
Suppose -49 = -2*z - 13. Suppose -393 = 12*a - 1689. Suppose -z = -c + n, -4*c + 0 = 5*n - a. Is c prime?
False
Suppose 8*u - 12*u + 4372 = 0. Suppose z = -408 + u. Is z prime?
False
Suppose 0 = f - 3*p - 1853, 4*f - 5524 = f + 2*p. Is f composite?
True
Let v(s) = -68*s**3 + s**2 - s - 3. Suppose 7*h - z = 4*h - 12, -z + 15 = -4*h. Let i be h*((-28)/12 - -3). Is v(i) prime?
True
Suppose 4*h - 24 = t, -9 + 3 = t + 5*h. Suppose -p = -3*i - 4*p + 192, p + 113 = 2*i. Let o = t + i. Is o a prime number?
True
Suppose -6*b + 35 = b. Is (6 - b - 2) + 2172 prime?
False
Suppose -2*u = -5*x + 10 + 1, -15 = -5*x. Suppose 8 - u = 2*t. Suppose 0*r - t*r = -1341. Is r a composite number?
True
Let y(o) = -23*o**3 - 6*o**2 - 8*o + 8. Is y(-11) prime?
True
Suppose 17443 - 88805 = -31*y. Is y prime?
False
Suppose 0 = -0*i - 3*i + 15, 0 = 4*c - i - 23. Suppose -5*n = -3*k - 2066, c*n = 2*n + 2*k + 2069. Is n a composite number?
True
Let h = 78 - 72. Suppose -3101 = -h*x - x. Is x a prime number?
True
Let m(z) = -157*z**3 - 2*z**2 + 4*z - 7. Is m(-4) a composite number?
True
Suppose 0*j = -3*j + 21657. Is j a prime number?
True
Let n(w) = 19*w - 37. Let a(x) = 9*x - 18. Suppose 0 = 5*d - d + 16. Let g(l) = d*n(l) + 9*a(l). Is g(13) composite?
True
Suppose -2*r = 0, -584 = -2*g + 2*r + r. Let l be 574*(-4)/(-8) + 2 + -1. Suppose -g - l = -4*n. Is n prime?
False
Suppose -10*q = -2*q - 104. Suppose -q*w - 2019 = -16*w. Is w a prime number?
True
Let d = 77 + -33. Is (14/4)/(2/d) a prime number?
False
Let x(r) = 21*r**2 - 42*r + 83. Let h(u) = 10*u**2 - 21*u + 42. Let i(p) = -5*h(p